 196. Calculate the remainder when k is divided by s(0).
29
Suppose f + 0*f = 27. Suppose -2*y = -3*i - 2, -3*i + 2*i + 18 = 2*y. Let r(l) = -l + 14. Calculate the remainder when f is divided by r(y).
6
What is the remainder when -8*(-19)/4*(-1 - -2) is divided by 10?
8
Suppose -5*d = -5*q - 797 + 152, 4*d + 3*q = 481. Calculate the remainder when d is divided by 41.
1
Let k(q) = -4*q - 44. What is the remainder when k(-21) is divided by 15?
10
Let v(x) = -3*x**2 + 107*x + 62. What is the remainder when 109 is divided by v(36)?
5
Suppose 1 = 8*m - 167. What is the remainder when 55 is divided by m?
13
Let k be 9*(-2 + -4) - 0. Let z = k + 80. Calculate the remainder when z is divided by 8 + -1 + 2*1.
8
Let l = 7 - -5. Let f = 4 + -3. Calculate the remainder when 2/(4/42)*f is divided by l.
9
Let a(m) = m + 35. What is the remainder when 194 is divided by a(-5)?
14
Let g = -102 - -134. What is the remainder when 191 is divided by g?
31
Let v = -44 - -56. Suppose 4*n + 1 - 17 = 0. Let j(l) = 2*l - 1. What is the remainder when v is divided by j(n)?
5
Suppose -18*h + 17*h + 17 = 3*n, h + 4*n - 16 = 0. Calculate the remainder when 91 is divided by h.
11
Suppose 0 = 26*y + y - 1161. What is the remainder when 85 is divided by y?
42
Suppose 6 = r - 0*r. Let x(q) = -q**2 + 19. Let v be x(4). Suppose -a = -5*i + v*i - 5, -a + 19 = 5*i. Calculate the remainder when a is divided by r.
3
Suppose 5*u - 3*w - 2*w = 40, 0 = -4*w + 4. What is the remainder when 82 is divided by 187/u + (-4)/(-18)?
19
Let z(g) = 2*g - 6. Let f be (-50)/125 + (-1)/5*-257. Let w = -41 + f. Calculate the remainder when w is divided by z(6).
4
Suppose 4*h - 113 = -c, -90 - 136 = -2*c - 2*h. Let q = c + -54. Let b = 8 + 13. What is the remainder when q is divided by b?
17
Let w(y) be the first derivative of -y**2/2 - 3*y - 7. Suppose 2*q - 50 = 16. Calculate the remainder when q is divided by w(-12).
6
Suppose 5*g + 646 = -54. Let b = g - -84. Let p = 116 + b. Calculate the remainder when p is divided by 21.
18
Let y = 647 - 567. What is the remainder when y is divided by 17?
12
Let x = -2677 + 5125. What is the remainder when (-2)/(-11) + x/88 is divided by 16?
12
Let n = -28 + 48. Let h(r) = -r**3 + 9*r**2 - 9*r + 4. What is the remainder when h(7) is divided by n?
19
Suppose -2 = 3*a - 2*j - 17, 0 = -4*a + 2*j + 22. Let q = -3 + a. Suppose -q*m + 18 = -14. Calculate the remainder when 21 is divided by m.
5
Suppose -4*x + 8*x + 1076 = 0. Suppose 0 = -5*c + 5*q + 70, 5*c + 5*q - 9 = 51. Calculate the remainder when x/(-7) + (-33)/77 is divided by c.
12
Suppose m = -m + 38. Suppose 43*k = 20*k + 782. Calculate the remainder when k is divided by m.
15
Calculate the remainder when (-4672)/(-803) - 2/(-11) is divided by (2 + (3 - 0))*1.
1
Suppose 3*b = -b + 8. Suppose -8*w = -b*w - 78. Calculate the remainder when 34 is divided by w.
8
Let n(q) = 6*q**2 + q - 1. Let m be n(1). Suppose -2*l = 4*h + 8, -3*h - l + 0*l = m. What is the remainder when 1/(h - (-58)/28) is divided by 8?
6
Suppose 3*w + 85 = -2*w - 4*a, -74 = 4*w + 2*a. Let j = -5 + 3. Calculate the remainder when (-28)/w*(-27)/j is divided by 10.
8
Suppose 3*i + 59 = 5*b - 0*i, 2*i = b - 16. Let p = 32 - -7. Calculate the remainder when p is divided by b.
9
Let u = -4 - -15. Suppose 5*o + 3*m - 4 = 0, m = -0*o - o. Suppose p = 4*q + 2*p - 16, 5*p = o*q - 30. Calculate the remainder when u is divided by q.
1
Suppose 1217*k = 1205*k + 2244. What is the remainder when k is divided by 53?
28
Suppose -32*h + 700 = -22*h. What is the remainder when h is divided by 14?
0
Let q = 62 - 35. Calculate the remainder when q is divided by 0 + ((-12)/(-5))/(-4)*-25.
12
Let n = -10 + 18. Suppose 250 - 715 = -31*u. What is the remainder when u is divided by n?
7
Let t = -234 + 343. Let q = 40 - 3. What is the remainder when t is divided by q?
35
Suppose -2*k + 522 - 140 = 0. Suppose 11*h - 282 = k. Suppose -4*o + 3 + 33 = 0. Calculate the remainder when h is divided by o.
7
Let t be (-16)/(-5)*(-3)/((-3)/5). Let k = 23 - t. What is the remainder when 18 is divided by k?
4
Suppose -345 = -2*p - 5*g, -2*p - g + 123 = -234. Calculate the remainder when p is divided by 46.
42
Suppose 5*s = 2*r + 74, 3*s = -s - r + 54. Let h be (-96)/(-28) + 8/s. Calculate the remainder when h*(0 - 87/(-6)) is divided by 15.
13
Let c(f) = f**3 - 6*f**2 - 15*f - 4. Let w = -20 + 43. Calculate the remainder when w is divided by c(8).
3
Let v = -14 - -34. Suppose -103*n = 2195 - 8066. What is the remainder when n is divided by v?
17
Suppose 165 = 2*p + h, 63*h - 413 = -5*p + 60*h. Suppose 0 = 3*n - 56 - 28. Calculate the remainder when p is divided by n.
26
Suppose 5*o - 2*w = 195, 0*o - o + 5*w = -39. Let g = 431 - 238. What is the remainder when g is divided by o?
37
Calculate the remainder when (290/10)/(1/5) is divided by 74.
71
Let r(d) = -d**2 + 10*d - 9. Let y be r(7). Suppose -j = 2*g + g - y, 0 = 3*g + 5*j. What is the remainder when 5 is divided by g?
0
Suppose -5*r + 53 - 23 = 0. Suppose w + 18 = 2*f + r*w, 4*f - w = 36. What is the remainder when 42 is divided by f?
6
Suppose 4*l + b = 101, 4*l - 5*l = b - 26. What is the remainder when 146 is divided by l?
21
Let a = 1427 - 1040. What is the remainder when a is divided by 39?
36
Suppose 586 = 4*z + h, -4*z - h = 2*h - 582. What is the remainder when z is divided by (41 - 20) + 4*3/(-2)?
12
Let f be ((-42)/15)/(20/50). What is the remainder when (4/(-5))/((-1)/25) is divided by (f*2 - 2)/(12 + -14)?
4
Let v be (-8 - (0 + -5)) + 1. Let g be (6 + 2)*3/(-4). Calculate the remainder when (51/g)/(v/4) is divided by 10.
7
Let t = 83 + -77. What is the remainder when t is divided by 2?
0
Let k(b) = -b**3 - 8*b**2 - 9*b - 12. Let w be k(-8). Let j be (-11)/((-22)/w) - -3. Suppose -7 = -5*o + j. Calculate the remainder when 23 is divided by o.
7
Let r(h) = -41*h - 1740. Let y = 9 + -5. Let c(j) = 3*j - 4. What is the remainder when r(-43) is divided by c(y)?
7
Suppose -p = -2*p + 1. Let s(l) = 12*l + 1. Let v(u) = u - 4. What is the remainder when s(p) is divided by v(6)?
1
Suppose -2*d + 2*g = -1 - 9, -g = 2*d - 22. Suppose -70 = 35*j - 37*j. Calculate the remainder when j is divided by d.
8
Let x(c) = 8*c - 77. What is the remainder when 184 is divided by x(11)?
8
Let n(i) = 26 - i + 2*i - 9 - 4. Let j be n(-10). Suppose 4*y + j*a - 15 = 0, -2*a = -2*y + 3 + 1. What is the remainder when 11 is divided by y?
2
Let w be (6/(-2))/(6/(-6)). Let p = w + 48. Let b = 58 - 31. Calculate the remainder when p is divided by b.
24
Suppose -245 = 3*h - 10*h. Calculate the remainder when 173 is divided by h.
33
Let k(a) = -a**2 + 19*a + 9. Let l be k(15). Let z = l - 19. What is the remainder when z is divided by 13?
11
Let t(u) = -16*u - 22. What is the remainder when 59 is divided by t(-2)?
9
Let x(m) = -m**3 + 16*m**2 + 21*m + 11. Calculate the remainder when x(17) is divided by ((-60)/(-9))/(2 - 20/12).
19
Suppose -z = -5*z + 76. Let x(u) = -u**3 + 2*u**2 + 8*u + 4. Let w be x(4). Calculate the remainder when z is divided by ((1 - 3) + w)*(-15)/(-6).
4
Let k = -23 + -8. Let z = k + 44. Let v(q) = 2*q**2 - 9*q + 3. Calculate the remainder when v(7) is divided by z.
12
Suppose 3*z - o - 83 = 4*o, -2*z = 2*o - 82. Let y(d) = -5*d**2 + 176. Calculate the remainder when y(0) is divided by z.
32
Suppose 1316*p = 1307*p + 189. What is the remainder when 29 is divided by p?
8
Suppose -2013 = -52*m - 401. Calculate the remainder when m is divided by (1 - 1) + 16/2.
7
Suppose -o - 3*o + 32 = 0. Calculate the remainder when o is divided by (-1 - 2)/((-24)/64).
0
Let g be 5 + -2 - -135 - (7 + -10). Suppose -2*u + g = 93. Calculate the remainder when 116 is divided by u.
20
Let c = 32 - -6. What is the remainder when 222 is divided by c?
32
Let g(z) = -z**3 - 12*z**2 - z - 6. Let j = -6 - 5. What is the remainder when ((1 - -2) + -5)*j is divided by g(-12)?
4
Let j(a) = a**3 - 10*a**2 + 9. What is the remainder when ((-2)/(-4))/(6/288) is divided by j(10)?
6
What is the remainder when ((-16)/(-40))/(2/130) is divided by 4?
2
Let p = 29 + -8. What is the remainder when p is divided by 13?
8
Let c(n) = 47*n + 24. What is the remainder when c(3) is divided by 42?
39
Let g(p) = 24*p. Calculate the remainder when 63 is divided by g(